Suppose -19 - 21 = -s*g. Calculate the greatest common factor of 5 and g.
5
Let m(q) = -2*q - 17. Let o be m(-11). Suppose -2*w = 3*w - 20, -4*y + o*w + 76 = 0. What is the highest common factor of 60 and y?
12
Suppose -n - 2*n = -78. Let q be 3/12 + 1/((-28)/(-3633)). What is the highest common divisor of n and q?
26
Let i = -154 - -234. Let j = i + -44. What is the highest common divisor of j and 48?
12
Suppose 2*q - 6*q = -600. Let j(f) = -f**3 - 2*f + 9. Let g be j(0). Suppose -h + g = -21. What is the greatest common divisor of h and q?
30
Suppose 0 = 821*b - 817*b - 2072. What is the greatest common factor of b and 28?
14
Let v = -7 - -7. Let d be (-2)/8 + 201/4. Suppose v = k - d - 41. Calculate the highest common divisor of k and 13.
13
Suppose 4*h + 2*r = 6*r + 428, 223 = 2*h + r. What is the greatest common divisor of 40 and h?
10
Suppose -4*j - 3 = 2*w + 3, 0 = 5*w + j - 21. Suppose -w*l + 9 = -2*l. Let u = -15 + 39. Calculate the highest common factor of l and u.
3
Let z = -10 + 12. Let n be 73/(3/z + -1). Suppose n = 3*v + 11. Calculate the highest common divisor of v and 15.
15
Let k(h) = 10*h + 3. Let u be k(1). What is the greatest common factor of u and 169?
13
Let b = 35 + 28. Suppose -3*t - b = 3*u, 7*t - 3*t + 84 = -u. Let z be (-2442)/(-21) - (-6)/t. Calculate the highest common factor of 29 and z.
29
Let y(t) = 3*t**2 + 11*t - 24. Let s be y(-7). Calculate the greatest common divisor of s and 23.
23
Let m = 139 - 131. Suppose r + 14 = -5*b, 19 = 4*r - 8*b + 3*b. Calculate the highest common divisor of m and r.
1
Let d = -5887 + 5919. Let v be 2/3 + 472/(-6). Let c be (-2 + v)/(1*-1). Calculate the highest common divisor of c and d.
16
Let q(d) = d**3 - d**2 - 7*d + 13. Let o be q(4). Calculate the highest common factor of 209 and o.
11
Let l = 2042 + -1404. What is the highest common factor of l and 22?
22
Let l = -4 + 10. Let i(h) = 2*h**3 - 9*h**2 + 12. Let s be i(l). What is the highest common factor of 24 and s?
24
Let i(v) = v**3 - 2*v**2 + 6*v + 546. Let p be i(0). Calculate the greatest common factor of 42 and p.
42
Let p be 36/6 - (0 - -4). Suppose k = -4*l - 2*k + 194, p*l - 108 = 4*k. What is the highest common factor of 10 and l?
10
Let u be (-5)/(-7) + (-4)/(-14). Let p(j) = 30 + 12*j**2 + 20 - 49 - j. Let a be p(u). Calculate the highest common divisor of 12 and a.
12
Suppose -15*i - 9*i + 48 = 0. What is the greatest common factor of i and 26?
2
Let y = 190 + -127. Let c be (-2019)/(-21) - (-5)/(-35). Suppose 23*d = 65 + c. Calculate the highest common divisor of d and y.
7
Let a = -45 - -65. Suppose m = -2 + a. Let s(o) = 9*o**2 + o - 1. Let z be s(1). What is the greatest common factor of z and m?
9
Suppose 5*t = -5*d + 95, 0*t - 2*t + d = -38. Let p = t - -2. Let x be (42/(-5))/((-2)/35). Calculate the highest common factor of x and p.
21
Let d be ((-15)/5*-1)/(-1). Let y be 20/(d*(-6)/45). Suppose 2*b = -k + 5*k, -k + 5 = 0. Calculate the greatest common divisor of b and y.
10
Suppose 22*j - 20 = 18*j. Suppose -2*n - j*r = -22, n - 24 = 5*r - r. Calculate the greatest common divisor of n and 2.
2
Let b = 32 - 52. Let h = 34 + b. What is the greatest common factor of h and 21?
7
Let l(k) be the first derivative of k**4/2 - 4*k**3/3 - k**2/2 + k - 2. Let r be l(3). Let j be 14/((1/8)/1). What is the greatest common factor of j and r?
16
Suppose 3*d = -15, -9*z + 5*z - 4*d = -16. Calculate the greatest common factor of 504 and z.
9
Suppose -6*s + 512 = 248. Let i(c) = -c - 3. Let g be i(-6). Suppose -2*b = -g*b + 4. Calculate the highest common divisor of b and s.
4
Let n be (4 - (4 + 4)) + (2 - -19). Calculate the greatest common factor of n and 4.
1
Suppose 576 = 3*k - 3*p, 6*k = k + 2*p + 945. Suppose -8*b - 2*f = -3*b - 167, 0 = -5*b + 3*f + k. Calculate the highest common factor of b and 5.
5
Let n be ((-130)/(-35) - 4)/((-4)/28). What is the highest common factor of n and 262?
2
Suppose -p + 6*p - 200 = 0. Let f be -3*49/21 + 367. Calculate the greatest common factor of p and f.
40
Let c(d) = 11*d + 22. Let y be c(-10). Let j = -49 - y. What is the greatest common factor of j and 234?
39
Suppose 5*i = 4*j + 44, 34 = -0*i + 4*i - 2*j. Suppose 3*q - 70 = -2*c, -2*q - 2*c + 49 = -3*c. Calculate the greatest common divisor of i and q.
8
Let i = 75 - 70. Suppose -2*b - 70 = -i*u - 5*b, -4*b = 0. What is the highest common factor of u and 112?
14
Let g(n) = -n**2 + 10*n + 2. Let u be g(4). Let i be 8/12 + u/6. Calculate the greatest common factor of i and 25.
5
Suppose 0 = 4*c - 2*l - 18 - 12, -34 = -5*c - l. Suppose -20 = 6*k - c*k. Let w(h) = -2*h - 2. Let n be w(-3). What is the greatest common divisor of n and k?
4
Let c = 1059 + -318. Calculate the greatest common divisor of c and 57.
57
Let y be (2/(-4))/((-11)/(-88)). Let z = -14 - y. Let l = z - -98. What is the greatest common divisor of 11 and l?
11
Let k(r) = r**3 + 8*r**2 - 13*r + 82. Let z be k(-10). Suppose -3*p - 84 = 2*t - 4*t, 5*t - 5*p = 220. Calculate the highest common factor of z and t.
12
Let m(v) = 31*v**2 + 2 - v - 30*v**2 + 43*v**2 + 2*v. Let z be m(-2). What is the greatest common divisor of 22 and z?
22
Let o(i) = -347*i - 1. Let z(x) = 173*x. Let k(n) = 6*o(n) + 11*z(n). Let d be k(-2). What is the greatest common factor of 32 and d?
32
Let f be ((-1)/4)/((-1)/4). Let o be 23 + f + (0 - -2). Let h = 1207 + -1025. Calculate the highest common factor of h and o.
26
Let q = -11 + 16. Let y(f) = 0*f + 2*f + 0*f - 1 + f. Let n be y(q). Calculate the greatest common divisor of n and 14.
14
Let g be ((-20)/6)/((-560)/14112). Calculate the greatest common factor of 3444 and g.
84
Let a be 48/28 - 8/(-28). Suppose -3*l = 2*b - 53, -a*b + 36 = l - 5*b. Calculate the highest common factor of 6 and l.
3
Let a = 11 - 21. Let s(j) = j**2 + 9*j - 7. Let p be s(a). Suppose 0 = -2*x - x + 6. Calculate the highest common divisor of x and p.
1
Let b = 46 + -41. Suppose -b*x + 3*x + 4*t = 2, -32 = -3*x - t. What is the highest common divisor of 3 and x?
3
Suppose 3*o = -2*o + 5, -5*o + 1 = -2*g. Suppose -j - 1 = 5*h - 17, -g*h - 2 = -j. Calculate the highest common factor of 6 and j.
6
Suppose -1143*j - 80 = -1145*j. What is the greatest common factor of j and 660?
20
Let f be 10/(-25) + (-202)/(-5). Suppose 2*z + f = 3*z. Suppose a + r = 3*a - 33, 29 = 2*a + 3*r. Calculate the greatest common factor of a and z.
8
Let n = 838 - 778. Calculate the greatest common divisor of n and 192.
12
Let d(c) = -c**3 - 8*c**2 - 8*c - 1. Let a = -40 - -33. Let h be d(a). Calculate the highest common divisor of 66 and h.
6
Suppose 4*b + 202 - 702 = 2*d, 0 = b - 4*d - 125. Suppose 5*o - 168 = -43. Calculate the highest common factor of o and b.
25
Suppose -120 = 12*y - 18*y. Calculate the greatest common divisor of y and 16.
4
Let u(z) = z**2 - 2*z + 4. Let w be (-4)/20 - (-84)/20. Let y be u(w). Calculate the greatest common factor of 36 and y.
12
Suppose -n - 119 = 2*s, -3*n - 2*s = -s + 337. Let m = n - -146. What is the highest common factor of 315 and m?
35
Let l(d) = 4*d**2 - 4*d - 8. Let i = -9 - -14. Let t be l(i). What is the greatest common factor of t and 9?
9
Suppose -28*q + 712 - 600 = 0. Suppose 2 = -2*m + 5*m - g, 0 = 4*m + 4*g - 24. What is the greatest common factor of m and q?
2
Let h(l) = -l**2 + l + 13. Suppose -2*j + 3 + 1 = 5*p, -4*p + 6 = 3*j. Suppose -u - u = p. Let b be h(u). What is the greatest common divisor of 91 and b?
13
Let n(x) = 2*x + 6 + 8 + 4. Let a be n(-5). Calculate the greatest common factor of a and 24.
8
Suppose 2 - 27 = 5*y. Let n be ((-126)/(-15))/((-1)/y). Let p be (-8)/12*n*-1. Calculate the greatest common divisor of 70 and p.
14
Suppose 0 = -c - c + 24. Let y(z) = 133*z + 4. Let i be y(-4). Let p be ((-2)/4)/(2/i). What is the highest common factor of c and p?
12
Suppose -2*w = n + 2, -n = -6*n - w + 17. Suppose 36 - 24 = n*k. What is the highest common factor of k and 1?
1
Let b be (-47)/329 - (-1095)/21. Calculate the highest common divisor of b and 1079.
13
Let d = 67 + -17. Let m = -24 + d. Let u = -2 + m. Calculate the highest common divisor of u and 168.
24
Let x(l) = 2*l**2 + 2. Let t be x(0). Suppose 0 = 2*z - t*y - 150, 5*z - 4*y - 220 = 2*z. Calculate the greatest common factor of 16 and z.
16
Let a = 27